 + 18. Let v be (21/15)/(-1*1/5). Calculate x(v).
0
Let z(t) = -103 - t**3 + 268 - 3*t - 78 - 79 + 4*t**2. What is z(3)?
8
Let k(v) = -6*v**3 - v**2 - v. Let l = -14062 + 14061. Calculate k(l).
6
Suppose -60 = 5*q - 385. Let t = 55 - q. Let s(d) = d**2 + 11*d + 3. What is s(t)?
-7
Let k(l) be the first derivative of 1/20*l**5 + 5/12*l**4 - 7/6*l**3 + 3*l - 1/2*l**2 - 5. Let m(g) be the first derivative of k(g). Calculate m(-6).
5
Let t be 114/10 + (3/(-21) - (-72)/(-280)). Let y(b) = b**2 - 6*b - 22. Give y(t).
33
Let a(w) = -4*w**3 - 6 + 3 + 0*w**3 + 3*w**3 - 6*w**2. Let d(p) = 5 + 0*p + 2 - 1 - 4*p. Let x be d(3). What is a(x)?
-3
Let k be -6*16/6 + 6 + 2 + -2. Let c(g) = g**3 - g**2 - g + 1. Let u(i) = -3*i**3 - 9*i**2 - 9*i - 17. Let y(r) = 2*c(r) + u(r). Calculate y(k).
-5
Let f(v) = -v**3 - 5*v**2 - 6*v - 4. Let q be f(-4). Let c(k) = -26*k**2 - q*k + 2 - 6 + 1 + 23*k**2 + k**3. Let m = 226 + -222. Give c(m).
-3
Suppose 15*o = 11*o + 12. Suppose -5*b - z + 18 = -0*b, -12 = -o*b - z. Suppose -59 + 50 = b*p. Let c(a) = 2*a**2 + 4*a - 1. Calculate c(p).
5
Suppose 42*x = 15*x + 22*x - 10. Let b(y) = y**3 - y**2 - 7*y - 2. Calculate b(x).
0
Let q(n) = -4*n + 22. Let x(y) = 5*y - 32. Let b(g) = 4*q(g) + 3*x(g). Give b(14).
-22
Suppose -290 + 2090 = 225*m. Let x(f) = -f**2 - 2*f + 72. Calculate x(m).
-8
Let o(k) = k**2 + 13*k + 38. Let c = -3072 + 3069. Determine o(c).
8
Let x(m) = 3*m**2 + 43*m - 193. Let t(o) = o**2 + 14*o - 68. Let r(j) = 11*t(j) - 4*x(j). What is r(-20)?
-16
Let s(i) = 8*i**3 - 10*i**2 + 3*i - 23. Let r be s(7). Let j(b) = 3*b - 1127 - 5*b - 1122 + r. Give j(1).
1
Suppose 7*r - 48 = -r. Let c(h) = r + 6 + h - 19 + h. What is c(5)?
3
Let k(g) = 3*g**2 - 1. Let z(l) = -16*l**2 - 9*l + 32. Let q(a) = 5*k(a) + z(a). Let b be q(3). Let s(w) = -2*w - 13. Give s(b).
5
Let m(w) = -w**2 + 67 - 8*w - 131 + 59. Let k be (-2)/6 - (-13)/3. Suppose k*z + 18 = -3*t + 5*z, -12 = 2*t - 4*z. Give m(t).
7
Let c(s) = s. Let u be c(-1). Let h be -4 - (-1 + 2)/u. Let y(d) be the second derivative of -d**5/20 - d**4/3 - 2*d**2 + 23036*d - 2. What is y(h)?
-13
Let i be (-8)/44 + 23*(-4)/(-22). Let g(q) = 1 - q - 3*q - 4*q + i*q. What is g(1)?
-3
Let j(z) = z**2 + 2 + 44*z - 39*z + 2 + 3 - 5. What is j(-6)?
8
Let f(o) be the second derivative of -o**5/20 + o**4/4 - 2*o**3/3 - 2*o**2 + 2977*o. Give f(3).
-16
Let x(h) = 15*h + 8*h**2 - 22*h + 613 - 2*h**3 + h**3 - 608. Determine x(7).
5
Let z(n) = 6*n - 25. Suppose 0 = -4*a + a + 15. Let d be z(a). Let s(h) = -h**3 + 4*h**2 + 5*h + 4. Give s(d).
4
Let j(h) be the first derivative of 16*h**3 - 53564. Let x be 8/36 + (-7)/(-9). Give j(x).
48
Suppose 0 = 5*z - 3*z - 14. Let t(f) = 3*f - 6. Let v(u) = u**3 - 8*u**2 + 21*u - 28. Let y(x) = -5*t(x) + v(x). Calculate y(z).
-5
Let j(t) = 4*t + 1. Let r be j(4). Let d be ((-2)/(-1))/(7*1) + 2430/70. Let x(n) = 9 + d*n - r*n - 17*n. What is x(0)?
9
Let x(v) = -v + 1. Suppose 3*u + 21 = -0*u. Let r(n) = -2*n - 11. Let c be r(u). Suppose 12 = -3*a - 3*l, a + c*l = 5*a + 30. Give x(a).
7
Suppose 2*g - 92 = -120. Let s(l) = -8*l + 1. Let r(p) = -5*p + 9. Let o(y) = y - 2. Let f(t) = 9*o(t) + 2*r(t). Let u(i) = g*f(i) + 2*s(i). Give u(6).
-10
Let q(c) = 4*c - 199 + c**3 + 4*c**2 + 105 + 89. What is q(2)?
27
Suppose -5*u + 2*w = -67, 5*w = -5 + 25. Suppose -u - 5 = -4*p. Let a(z) be the second derivative of -z**4/12 + z**3/2 + 5*z**2/2 - 1971*z. What is a(p)?
-5
Let c(r) be the first derivative of -7*r**2 - 30*r - 2746. Give c(-4).
26
Let b(i) = -i**2 - 22*i - 9. Let k be 133/(-6) - ((-68)/(-24))/(-17). Give b(k).
-9
Suppose 2*s - 248 = 4*z, 3*s = z + z + 132. Let d = 141 + z. Let l = d + -76. Let v(b) = b**2 - 4*b - 4. What is v(l)?
1
Let u(r) = r**3 - 7*r**2 + 6*r + 1. Suppose -15*o + 14*o = 107. Let c be (((-5)/10)/1)/((-2)/452). Let q = c + o. Give u(q).
1
Let j(t) = -2*t**3 - 13*t**2 + 4. Let d(p) = -p**3 - 6*p**2 + 1. Let h(u) = d(u) - j(u). Calculate h(-2).
17
Let j be (7 - (-85)/(-4))*52/39. Let g(m) = -m**3 - 20*m**2 - 14*m + 53. What is g(j)?
-42
Suppose -4 = -5*w + c, -c + 34 = 5*w + 28. Let p be (-10)/2 - (-6 + -1)/w. Let t(o) = 4*o**3 + o**2 - 3*o + 1. Calculate t(p).
31
Let a(w) = -7*w - 6. Let j(n) = -13*n - 13. Let g(k) = 11*a(k) - 6*j(k). Suppose -169*v - 1008 = 33*v - 58*v. Give g(v).
5
Let c(h) = 29*h**2 + 64*h - 13. Let k(p) = -63*p**2 - 142*p + 26. Let s(i) = -13*c(i) - 6*k(i). Determine s(-18).
-23
Let r(t) = -5 + 5125*t - 2557*t - 3 - 2567*t - 9. Give r(-5).
-22
Suppose g = -4*c - 26, -g + 16 = -3*c - 0. Let i(b) = -b**3 - 6*b**2 + 5*b + 9. What is i(c)?
-21
Let o = 5701 - 5709. Let j(u) = 14*u + 114. What is j(o)?
2
Let k = -12088 + 12092. Let u(w) = w**3 - 4*w**2 - 2*w + 1. Determine u(k).
-7
Let s(w) = 2*w**2 - 11*w. Let t(h) = h**3 + 2*h**2 - 189*h - 72. Let d be t(13). Calculate s(d).
6
Let m(v) = -23*v + 21. Let g(b) = 8*b - 7. Let p(u) = -8*g(u) - 3*m(u). Let n(d) = -2*d**3 - 10*d**2 + 3. Let q be n(-5). What is p(q)?
8
Let z(m) = m**2 - 2*m + 46. Suppose 0 = 41*x + 17*x + 86*x. Give z(x).
46
Let i(t) = t**2 - 9*t - 1. Suppose g - 2*j - 17 = 8, -3 = j. Suppose -3*f = -2*c - 4*f + g, -3 = -f. Give i(c).
-9
Let a be 48 - 1 - (-4 - -8). Let d = -29 + a. Let b(t) = -28*t + d*t + 13*t. Calculate b(5).
-5
Let a(q) = -428*q**2 - 5 + 62*q + q**3 + 25 - 430*q**2 + 877*q**2. Give a(-15).
-10
Let b(c) = 128*c**2 - 19*c - 221*c**2 + 2 + 101*c**2 + c**3. Give b(-10).
-8
Let s(n) = n + 8. Suppose 14*a - 348 = 1500. Let u = -128 + a. Give s(u).
12
Let h(j) = 32*j - 61. Let l(u) = 11*u - 21. Let c(w) = 3*h(w) - 8*l(w). Give c(2).
1
Let p(x) = -2*x - 55. Let q be ((-2)/(-3))/(-9*21/7938). Determine p(q).
1
Let q = 323 + -328. Let r(l) = -l**3 - 4*l**2 - l + 4. Calculate r(q).
34
Let o(d) = -3*d**2 - 2*d + d**2 + 13 - 11 - d. Let j(i) = -i**3 - 3*i**2 - 4. Let r be j(-3). Let n be 4/(24/(-15)) - (-2)/r. What is o(n)?
-7
Let v(t) = 4*t**3 - 4*t**2 + 4*t + 2. Let d(j) = j**3 + 2*j**2 + j - 3. Let u(q) = 5*d(q) - v(q). What is u(-14)?
-31
Let c(k) = -k**2 + 5*k - 8. Let q(l) = l**2 - 2*l + 7. Suppose -5*s - 3 - 3 = h, -4*s = -5*h + 28. Let m(v) = h*q(v) + 3*c(v). Give m(-5).
-6
Let w(i) = 5*i**2 - 3*i + 8. Let b be (-16)/(-14)*525/300. Determine w(b).
22
Suppose 12*o - 8*o = 32. Let f(y) = -8*y + 36*y - 6 - o*y - 9*y - 10*y. Calculate f(-6).
-12
Let p(r) = 51*r - 3266. Let l be p(64). Let d(t) = -t**3 + 2*t**2 + 12*t + 13. Determine d(l).
5
Let u(n) = 2*n + 3. Suppose 94 = 4*d - 2*o, -4*o + 150 = 5*d - 0*d. Suppose -62 - d = 11*z. What is u(z)?
-13
Let q(n) be the third derivative of n**6/120 + 3*n**5/20 - 11*n**4/24 + n**3/3 - 1644*n**2. Calculate q(-10).
12
Let k(p) = -2*p**3 + 5*p**2 + 8*p + 12. Let o(q) = 2*q**2 + 215*q + 426. Let g be o(-2). What is k(g)?
-4
Let w(l) = l. Let t be w(-9). Let r(j) = -9915*j - 9901*j + 19818*j - 5. Give r(t).
-23
Let u(j) be the third derivative of 5*j**4/24 - 25*j**3/6 - 2*j**2 + 2364. What is u(-13)?
-90
Let o be (2/2 + 25)*(57 + -56). Let b(s) = 52 - o - 3*s - 28 - s**2. Determine b(-2).
0
Let d(r) = -2*r**2 + 2*r + 3. Let g be 30/(-6) + 10 + 4. Suppose -v - g = 5*t, -12*t - 3 = -11*t - v. Calculate d(t).
-9
Let v be 14*(-3)/6 + (0 - -1). Let k(h) = -2 + 21*h - 11*h - 11*h. Calculate k(v).
4
Let d(j) = -166*j + 557*j - 11*j**2 - 27 - 179*j + 0*j**3 - j**3 - 188*j. Calculate d(-13).
-1
Let f(b) = -b**3 + 5*b**2 + 8*b - 5. Suppose 0 = -p + 38 + 10. Suppose 16*z - p = 12*z. Suppose 12*u - 10*u = z. Calculate f(u).
7
Let f be ((-3)/(-2))/(2/(-4)). Let r(g) = 167*g**3 - 4*g**2 + g - 4. Let m(t) = -83*t**3 + 3*t**2 + t + 1. Let x(s) = 2*m(s) + r(s). Determine x(f).
-20
Let h(z) = 2*z**3 - z**2 - 2*z + 3. Let f be h(-3). Let w be (-2)/(-10) + (f/(-15))/2. Let s(q) = -q - 2*q + w*q. Give s(3).
-3
Let i(q) = q**2 - 4*q + 4. Let a = -3510 - -3507. Let f(d) be the third derivative of d**4/24 - d**2. Let v(h) = a*f(h) - i(h). Calculate v(0).
-4
Let j(d) = 2*d**2 - 34 + 693*d - 1382*d + 712*d - 3*d**2. What is j(20)?
26
Let c(f) = 11*f**2 + 2*f + 9*f**3 + 17 - 19*f**2 - 5*f**2. Let l(y) = -7*y**3 + 12*y**2 - 3*y - 15. Let x(a) = -3*c(a) - 4*l(a). Calculate x(8).
-7
Let d be 1/33 + 124844/(-7788). Let u(n) = -5*n**2 - 82*n - 40. Calculate u(d).
-8
Let m(c) = c**2 + c - 9. Let a(p) = p + 10. Let y(r) = 3*a(r) + 3*m(r). Calculat